undreds digit of b(-1)?
1
Suppose -848 = -4*c + 424. What is the tens digit of c?
1
Suppose 0 = -a - a - b + 74, 3*b + 6 = 0. What is the tens digit of a?
3
Let s be 12/9 + 2/3. Suppose f + i - 14 = -s*i, -8 = -4*f + 4*i. Suppose -9 = -f*a + 6*a + 4*r, -2*r = -5*a + 21. What is the units digit of a?
3
Suppose -855 = -8*p - 71. What is the tens digit of p?
9
Suppose 3*s = -2 + 26. What is the tens digit of ((-62)/(-1))/(s/4)?
3
What is the units digit of (2 + -4 - 7/(-2))*20?
0
Let t be (-6)/(-4)*72/6. Suppose -3*l + 24 = 5*v, 3*v + v - t = -3*l. Let r = v + -5. What is the units digit of r?
1
Suppose 0 = -c + 3*c - 144. What is the units digit of c?
2
What is the tens digit of (5 - 1) + (-32)/(-2)?
2
Suppose 5*n + 3*g - 23 = 0, 5*g - 25 = -n - 4*n. Suppose -13 = -3*d - n. Suppose d*m + 34 = 5*m. What is the units digit of m?
7
What is the units digit of (426/(-12))/(2/(-4))?
1
Suppose 5*u - 2*c + 2 = -7, 5*u = 4*c - 13. Let x be (u + -1)/(2/(-13)). Suppose -2*t + 19 = 3*o, -t = -4*o + o + x. What is the units digit of t?
2
Suppose -3*y = -4*y - 6. Let w(d) = -19*d**3 + 6*d**3 - 5*d**2 + 6*d + 8 + 11*d**3 + d**3. What is the units digit of w(y)?
8
Let n = 6 - 18. What is the units digit of ((-8)/n)/((-2)/(-6))?
2
Let q(h) be the third derivative of -h**4/24 + 5*h**3/6 + 4*h**2. Let b be q(5). Suppose 45 = 3*v - 4*n, -3*v - v + 3*n + 53 = b. What is the tens digit of v?
1
Suppose 15 + 39 = 3*n. What is the units digit of n?
8
Suppose -3*l + w + 4 = 0, 5*l - 28 = 4*l - 5*w. Let f be 8/l + (-4)/6. Suppose 2*z = f + 18. What is the tens digit of z?
1
Let v = 148 + -103. Suppose 0 = -4*k + 3 + v. What is the units digit of k?
2
Let z = 9 - 19. Let s(t) = -t**3 - 11*t**2 - 9*t + 11. What is the units digit of s(z)?
1
What is the tens digit of (-20)/(-25) + (-138)/(-15)?
1
Let g(x) = x**3 - 9*x**2 + 11*x - 8. Suppose -12 + 1 = c. Let t = -3 - c. What is the tens digit of g(t)?
1
Suppose -4*w + a = w - 23, 3 = -a. Suppose 0 = w*n - 8 - 4. What is the units digit of n?
3
Suppose -2*i + 0*i + 6 = 0. Suppose -i*j - 4 + 10 = 0. What is the units digit of j?
2
Suppose -x + 93 + 25 = 0. What is the hundreds digit of x?
1
Suppose -3*a + 2*i + 1 = 8, 16 = -4*a + 4*i. Let f = a - -5. What is the units digit of f?
6
Let g(v) = 11*v**2 - 2*v + 4. What is the hundreds digit of g(5)?
2
Let x be (5 + -2)/((-3)/(-2)). Suppose 0 = -3*w + 3*l + 60, 0*l + 56 = x*w + 2*l. What is the units digit of w?
4
Let u(d) = 3*d**2 + 2*d - 1. Let a be 6 + -6 - 1*2. What is the units digit of u(a)?
7
Let x = 12 - -1. What is the units digit of x?
3
Let f(d) = -d**2 + 13*d + 4. What is the units digit of f(10)?
4
Suppose 0 = -6*j + 10*j - 360. What is the units digit of j?
0
Let z(o) = o**2 - 4. Suppose -m - 8 = -2*t, -t + 9 = 5*m + 27. What is the tens digit of z(m)?
1
Let z = 801 + -517. What is the hundreds digit of z?
2
Let l(k) = -k**3 + 7*k**2 - 3*k + 14. What is the tens digit of l(6)?
3
Suppose -3*g + 5*g = 230. What is the hundreds digit of g?
1
Suppose 265 = 2*z - 17. What is the tens digit of z?
4
Let o(k) = -k**2 + 1. Let c(f) = 3*f**2 - 3*f - 1. Let a(r) = -c(r) - 4*o(r). Let s be (1/(-2))/(2/16). What is the units digit of a(s)?
1
Let y = -10 + 3. What is the tens digit of (-2)/y + 225/21?
1
Let m(u) = -u**2 + 8*u + 7. Let q be m(8). Let x = -3 + q. What is the units digit of x?
4
Let f = -187 + 339. What is the tens digit of f?
5
Suppose 2*f + 5*m + 17 = -2, 0 = 3*f + 3*m + 15. Let k = f + 4. Suppose -v = -w - 1, -13 = -k*w - 2*v - v. What is the units digit of w?
2
Let o(g) = -g**3 + 10*g**2 + 9*g - 4. Let k(u) = u**2 - u. Let l(r) = -3*k(r) + o(r). What is the tens digit of l(8)?
2
Let x = -6 + 12. Let r = x + 0. What is the units digit of r?
6
Let z = -7 + 7. Suppose 2*y - 8 = -z. What is the units digit of y?
4
What is the units digit of (-3)/(-9) - (-552)/18?
1
Let x = -3 - -79. What is the tens digit of x?
7
Let z(l) = 0*l**2 - 4 - 4*l**2 - 2*l + l**3 + 0*l - 2*l. Suppose 0*d - 3*d + 15 = 0. What is the units digit of z(d)?
1
What is the hundreds digit of 1 + 30/(-26) - 49420/(-130)?
3
Let a be (-10)/4 - 1/2. What is the units digit of (a/(-3) - -2) + -2?
1
Let z = -2 - -8. What is the units digit of (3 - (-12)/(-3)) + z?
5
Suppose 3*s + 327 = 957. What is the hundreds digit of s?
2
Let f = 24 - -59. What is the units digit of f?
3
Let s = 7 - 7. Suppose 0 = 4*o + 8, -r - 5*o - 6 = s. Let c = 7 - r. What is the units digit of c?
3
Suppose -3 = 5*x - 2*w, -5*w + 7 = 4*x + 16. Let c = x - -13. What is the units digit of 1*c*(-8)/(-12)?
8
Let z = -14 - -4. What is the units digit of z/(-3)*(-12)/(-8)?
5
Let o(r) = -275*r**3 + r**2 + 2*r. What is the tens digit of o(-1)?
7
Let h = -14 - -23. Suppose 50 = -5*u - 5*x, 5*u = u + 3*x - 5. Let l = u + h. What is the units digit of l?
4
Let z be -3 - (3 + -25)/1. Suppose 2*g - 15 = z. What is the tens digit of g?
1
Let x(z) = 2*z**3 + z**2 - 1. Let o be x(-1). Let r(f) = 2*f + 2. Let y be r(-3). Let d = o - y. What is the units digit of d?
2
Let t be 3/(27/(-7) + 4). Suppose -5*h - t + 41 = 0. What is the units digit of h?
4
Let l = -30 - -36. What is the units digit of l?
6
Let f(y) = -y**2 - 14*y - 10. Let u(v) = -v. Let c(w) = -f(w) + 5*u(w). Let k be (-2)/6 - 23/3. What is the units digit of c(k)?
2
Let w = -3 + 5. Suppose -18 = -w*x + 10. What is the units digit of x?
4
Suppose 0 = -5*l - 4*z + 364 + 122, -5*l = z - 489. What is the tens digit of l?
9
Let a(y) = -4*y - 1. What is the units digit of a(-4)?
5
Let u(i) be the second derivative of i**5/20 + 5*i**4/12 - 3*i**3/2 - 9*i**2/2 + 4*i. Let m be (-112)/18 + (-2)/(-9). What is the units digit of u(m)?
9
Suppose -2*u + 3 - 1 = 0. Suppose -3*f = -5*t + 6*t - u, -3*t = 6. What is the units digit of f?
1
Let n(q) = 9*q - 2. Let r(u) = -u. Let d(m) = -n(m) - 4*r(m). Let i(p) = 4*p - 3. Let g(s) = -5*d(s) - 6*i(s). What is the units digit of g(-7)?
1
Suppose -h = -5*v - 23 + 199, -110 = -3*v + 5*h. What is the units digit of v?
5
Let p be (2/(-2) - -1)*-1. Suppose 4*l = -p*r + 5*r + 20, 2*r - 15 = -3*l. Let t = l + -4. What is the units digit of t?
1
Suppose 0 = -r - 9 + 8. What is the units digit of 1 - (-2 - r) - -11?
3
Let p = -8 - -8. What is the tens digit of -3 + 2 - (p - 40)?
3
What is the units digit of 2 + (25 - -6) + (-3 - 0)?
0
Let j(m) = -8*m - 2. Let p(x) = -x - 1. Let g(i) = 2*i - 1. Let f(d) = g(d) - 2*p(d). Let r(n) = -13*f(n) - 6*j(n). What is the units digit of r(-2)?
7
Let i be (-2 - (0 + -1))*-18. Let c be 94*(1 + (-9)/6). What is the units digit of c/(-9) + (-4)/i?
5
Suppose -2*l = 5*r + 41, 3*r + 11 + 6 = -5*l. Let s(a) be the first derivative of -a**4/4 - 10*a**3/3 - 5*a**2 - a - 3. What is the units digit of s(r)?
8
Let q be (-30)/(-16) + 4/32. Suppose 3*r - 9 = -4*j, q*r + 2*r = -3*j + 5. What is the units digit of j?
3
Suppose 16 = -4*f, 10 = r - 0*r - 4*f. Let k(o) = -2*o. What is the units digit of k(r)?
2
Let g = 20 - 10. Suppose 2*a = -3*a + g. What is the units digit of a?
2
Let y(m) = -m**2 - 5*m - 1. Let r be y(-6). What is the tens digit of (2 - r)/(2/6)?
2
Let g(i) = -i - 1. Let l(z) = 7*z + 6. Let q(d) = 4*g(d) + l(d). Let t(x) = -3*x - 3. Let r(a) = 3*q(a) + 4*t(a). What is the units digit of r(-4)?
6
Let z(n) = n**2 - 4*n - 2. Let v be z(5). What is the units digit of (7 - 1)*v/6?
3
Suppose 5*c = -3*u - 56, 4*u - 2*c = 2*c - 96. What is the units digit of u/(-2) - (0 - -1)?
0
Suppose -5*x - 5 = 3*j, -2*x + 17 + 7 = -4*j. Let f = 4 - x. What is the units digit of f?
2
Suppose 0 = -4*j - 0 - 8. What is the units digit of (5 + 0)/(j/(-8))?
0
Let v = 73 + -15. What is the tens digit of v?
5
Let d(h) = -h**3 + h**2 + 13. Let z be d(0). Suppose 1 = 2*i - z. What is the units digit of i?
7
Let q be -2 - (3 - 0/3). Let s be (-3 - q)/(2/17). Let k = -8 + s. What is the units digit of k?
9
Let s(t) = t**2 + t + 8. Let g = -15 + 11. Let u = 4 + g. What is the units digit of s(u)?
8
Let i(k) = k + 1. Let g(a) = -7*a - 13. Let l(r) = g(r) + 6*i(r). What is the units digit of l(-10)?
3
Suppose 285 = 6*b - 81. What is the tens digit of b?
6
Suppose -45 = -o + 2*u, 0*u - 3*u = -o + 49. What is the units digit of o?
7
Let r(g) = 3*g - 16. Let u(h) = 2*h - 8. Let f(b) = -3*r(b) + 5*u(b). What is the units digit of f(0)?
8
Let h = -2 - -2. Suppos